{"id":8,"date":"2012-02-27T16:14:40","date_gmt":"2012-02-27T16:14:40","guid":{"rendered":"http:\/\/tischlerei-thomas-voss.de\/cms\/?page_id=8"},"modified":"2012-10-15T19:07:30","modified_gmt":"2012-10-15T19:07:30","slug":"startseite","status":"publish","type":"page","link":"http:\/\/tischlerei-thomas-voss.de\/cms\/","title":{"rendered":"Startseite"},"content":{"rendered":"<p style=\"text-align: center;\"><strong>Herzlich Willkommen auf der Internetpr\u00e4senz der Tischlerei Thomas Vo\u00df.<\/strong><\/p>\n<p style=\"text-align: center;\">Ich hoffe Sie finden die Informationen die sie suchen,<br \/>\nund w\u00fcrde mich freuen mit Ihnen in Kontakt zu treten.<\/p>\n<p style=\"text-align: center;\">Mitglied im Verband des Tischlerhandwerks<a href=\"http:\/\/www.tischler.de\/nord\/\"><img loading=\"lazy\" class=\" wp-image-32 alignnone\" style=\"border: 0pt none; margin: -20px 0px;\" title=\"tischler-nord\" src=\"http:\/\/tischlerei-thomas-voss.de\/cms\/wp-content\/uploads\/2012\/02\/tischler-nord.png\" alt=\"\" width=\"50\" height=\"50\" \/><\/a><\/p>\n","protected":false},"excerpt":{"rendered":"<p>Herzlich Willkommen auf der Internetpr\u00e4senz der Tischlerei Thomas Vo\u00df. Ich hoffe Sie finden die Informationen die sie suchen, und w\u00fcrde mich freuen mit Ihnen in Kontakt zu treten. Mitglied im Verband des Tischlerhandwerks<\/p>\n","protected":false},"author":1,"featured_media":0,"parent":0,"menu_order":0,"comment_status":"closed","ping_status":"closed","template":"","meta":{"ngg_post_thumbnail":0},"_links":{"self":[{"href":"http:\/\/tischlerei-thomas-voss.de\/cms\/wp-json\/wp\/v2\/pages\/8"}],"collection":[{"href":"http:\/\/tischlerei-thomas-voss.de\/cms\/wp-json\/wp\/v2\/pages"}],"about":[{"href":"http:\/\/tischlerei-thomas-voss.de\/cms\/wp-json\/wp\/v2\/types\/page"}],"author":[{"embeddable":true,"href":"http:\/\/tischlerei-thomas-voss.de\/cms\/wp-json\/wp\/v2\/users\/1"}],"replies":[{"embeddable":true,"href":"http:\/\/tischlerei-thomas-voss.de\/cms\/wp-json\/wp\/v2\/comments?post=8"}],"version-history":[{"count":12,"href":"http:\/\/tischlerei-thomas-voss.de\/cms\/wp-json\/wp\/v2\/pages\/8\/revisions"}],"predecessor-version":[{"id":49,"href":"http:\/\/tischlerei-thomas-voss.de\/cms\/wp-json\/wp\/v2\/pages\/8\/revisions\/49"}],"wp:attachment":[{"href":"http:\/\/tischlerei-thomas-voss.de\/cms\/wp-json\/wp\/v2\/media?parent=8"}],"curies":[{"name":"wp","href":"https:\/\/api.w.org\/{rel}","templated":true}]}}